b = -0*i. What are the prime factors of i?
3, 103
Suppose 0 = -10*u + 12*u - 11*u. Suppose 3*v + 9 = u, -v - 1793 = 14*d - 16*d. List the prime factors of d.
5, 179
Let q(v) = 60*v**2 - 9. Suppose 2*f + 1 = -7. Let w be q(f). Suppose 159 = -9*c + w. What are the prime factors of c?
2, 11
Let f(q) = 2*q - 3. Let y be f(-2). Let l(m) = 57*m + 16 - 41*m - 3 - 1 + 4*m**2. What are the prime factors of l(y)?
2, 3
Let f(b) = 2*b**3 + 8*b**2 + 7*b. Let z be f(-5). Let i = -80 - z. Suppose 495 = i*v - 475. What are the prime factors of v?
2, 97
Let o = -1738 + 1740. Suppose 5*z - l - 4 - 2 = 0, 10 = -z + 3*l. Suppose o*q - 132 = -3*s, 5*q - 86 = -z*s - 9. What are the prime factors of s?
2, 23
Let q = 3 + 1. Suppose 0 = -80*x + 71*x + 9. List the prime factors of ((-67)/q)/(x/(-4)).
67
Suppose -21 = 2*s - s + 2*m, -4*m + 24 = -4*s. Suppose j - 11 = 5*g - 135, 4*g = -24. Let u = s - j. List the prime factors of u.
11, 13
Suppose -3*b - 855 = -2*i, 0 = 7*b - 5*b + 2. Suppose -2006 = -3*j + 5*w, i + 276 = j + 5*w. What are the prime factors of j?
677
Suppose 0 = -580*l + 8260535 - 4623536 + 6369161. What are the prime factors of l?
2, 19, 227
Let m be (7/14)/((-5)/10). What are the prime factors of m/2 + 2 + (-4245)/(-6)?
709
Let r be 168/56 - (1 - 3). Suppose 3*l - 1296 = -3*o + 36, -15 = -r*o. List the prime factors of l.
3, 7
Let w be (2*(-3)/(-2))/((-66)/(-88)). Suppose 54 + 582 = w*n. List the prime factors of n.
3, 53
Let c(y) = 15*y**3 - 15*y**2 + 47*y - 2. Suppose -41*r + 96 = -9*r. What are the prime factors of c(r)?
409
Suppose -3*j + 5*p + 36911 = 0, -2*p - 44696 = -4*j + 4500. List the prime factors of j.
3, 4099
Let b(m) = -2*m**3 - 66*m**2 - 144*m - 42. What are the prime factors of b(-32)?
2, 1259
Suppose g = 4*g - 432. Suppose 8 = -w + g. Let h = 207 - w. List the prime factors of h.
71
Let y be (2 + 70/(-25))/(2/(-10)). Suppose -18 = a - 2*a - y*p, -4*a + 48 = 4*p. What are the prime factors of (15/a)/((-3)/(-8))?
2
Suppose -7*f + 19*p - 18*p = -1382, 0 = 2*f - 2*p - 400. What are the prime factors of f?
197
Let l(j) = 2*j - 45. Suppose -3*i - 2*o = -73, 0 = -3*i + 2*o - 17 + 106. Let f be l(i). Let q(g) = g**2 + 16*g - 38. What are the prime factors of q(f)?
11, 17
Let u(k) = 41*k**3 + k**2 + 21*k - 173. What are the prime factors of u(6)?
5, 29, 61
List the prime factors of ((8/6)/(-2))/((-1332)/32955012).
2, 3, 2749
Suppose 0 = -3*x - 107 + 113. List the prime factors of -4 + 729 + -4 - (-2)/x.
2, 19
Let b = 13 + 5. Suppose -2 = -m + b. Suppose -d + m = -46. List the prime factors of d.
2, 3, 11
Let i(v) = -3*v**2 + 15*v + 3. Let r be i(4). Suppose 4*c + 2488 = 5*p, c - 494 = 14*p - r*p. What are the prime factors of p?
2, 31
Suppose 19*h - 915120 = -29*h - 34*h. List the prime factors of h.
2, 3, 5, 31
Let w(d) = 242*d + 9. Let s be 12/(1 + 1 - -2). What are the prime factors of w(s)?
3, 5, 7
Suppose -2*l + 4*o - 28 = -428, -1000 = -5*l + 4*o. Suppose 78*w = 15*w + 6426. Let v = l - w. List the prime factors of v.
2, 7
Suppose 42870 = 3*a - 5*b - 159022, -67324 = -a + 7*b. What are the prime factors of a?
67289
Suppose -30763 = -11*o + 54674. What are the prime factors of o?
3, 863
Suppose -50*x + 2074771 + 255488 - 313209 = 0. What are the prime factors of x?
3, 7, 17, 113
Let k = 4 - -319. What are the prime factors of k?
17, 19
Let m(b) = -3755*b - 122. What are the prime factors of m(-6)?
2, 2801
Suppose -4*a = -2*r + 82840, 38*r - 41*r - 2*a + 124268 = 0. List the prime factors of r.
2, 139, 149
Suppose 6*m - 3*l + 1193 = 5*m, -2*l - 10 = 0. Let i = -86 - m. Suppose 10*c = i + 1038. What are the prime factors of c?
2, 3
Suppose 0 = -50*g + 55*g + 2185. Let w = -87 - g. What are the prime factors of w?
2, 5, 7
Suppose z + 377 = 3*g - 2*g, 0 = 2*z - 4. Let c(i) = 24*i - 28. Let x be c(11). Let v = g - x. List the prime factors of v.
11, 13
Let k = 1742 - 1240. Let p = 867 - k. What are the prime factors of p?
5, 73
Let b(o) = o**3 - 16*o**2 - 10*o - 13. Suppose -7*y - 34 = -10*y + 4*m, 0 = 4*y + 5*m - 97. List the prime factors of b(y).
5, 7, 13
Suppose -62*a + 68616 = -110938 - 4152. List the prime factors of a.
2963
Let b(h) = h**3 + 40*h**2 + 20*h - 149. Let t be b(-39). Suppose -600*a = -t*a - 2112. List the prime factors of a.
2, 3, 11
Suppose 5*w = 4*v - 169428 - 116381, 0 = v - 3*w - 71447. Suppose i - 57*i = -v. What are the prime factors of i?
2, 11, 29
Suppose 7*z - 22*z = -156975. What are the prime factors of z?
5, 7, 13, 23
Let j(y) = -2*y**3 + 6*y**2 - 18*y - 22. Let k be j(8). Let f = -144 - k. What are the prime factors of f?
2, 331
Suppose 5*i = -y + 902121, -2*y - 2*y + 721684 = 4*i. What are the prime factors of (-4)/(-18) + i/315?
3, 191
Let f(u) be the second derivative of 1/2*u**2 + 0 + 1/12*u**4 + 11*u + 3/4*u**5 - 1/6*u**3. List the prime factors of f(2).
3, 41
Suppose 45*c - 27677 - 167173 = 0. List the prime factors of c.
2, 5, 433
Suppose 0 = -195*d + 231*d - 807372. List the prime factors of d.
41, 547
Let n(l) be the second derivative of 0 - 1/12*l**4 - 7/2*l**2 - 3*l - 4/3*l**3. What are the prime factors of n(-5)?
2
Suppose 2*f + 59 + 47 = 0. Let y = f - -57. Suppose 6 = -y*q + 42. What are the prime factors of q?
3
Let h = 10 + -4. Let n(l) = 8 + 16*l - 48 + 14 + 20. What are the prime factors of n(h)?
2, 3, 5
Let y(a) = a**2 - 91*a + 2749. List the prime factors of y(52).
7, 103
Suppose 3*x = 4*x - 321. Suppose 9*u - 4*u = 2*r - 352, -5*r - u = -907. Let i = x - r. What are the prime factors of i?
2, 5, 7
Let g(l) be the second derivative of l**5/5 - l**4/4 - 2*l**3/3 + l**2/2 - 2*l. Suppose -3*v + 2*r = 1 - 0, -r = -v - 2. List the prime factors of g(v).
2, 5, 7
Let z be -3*(-1)/(-6)*-6. Suppose z*j - 938 = -4*t, -2*j = j + 3*t - 942. Suppose -4*r + j = 3*p, -5*r + 386 = 3*p - 5*p. What are the prime factors of r?
2, 3, 13
Let c be 6/(-24)*4*291. Let x = 462 + c. List the prime factors of x.
3, 19
Let d = -252 - -64. Let y = d - -236. What are the prime factors of y?
2, 3
Let z(d) = -30*d + 720. Let h be 6 + (2 - 3) + -48 + 43. List the prime factors of z(h).
2, 3, 5
Suppose -11*x = -10*x + 3. What are the prime factors of -2 - x - ((-3)/1 - -1)?
3
Let r = 210 + -220. List the prime factors of ((195/r)/(-13))/((-6)/(-3640)).
2, 5, 7, 13
Let w(d) = -4 - 7*d**2 + 18*d**2 + 3*d - 8*d**2 + 0. Let z be w(-2). Suppose 2*n - 2*q = -z*n + 416, -q = 3*n - 322. List the prime factors of n.
2, 53
Suppose 5*l - 35 = -5*v, -4*l + 3 + 11 = -3*v. Suppose -30*r + v*a = -28*r - 922, -4*a = 3*r - 1362. List the prime factors of r.
2, 229
Let p = 167 + -88. Suppose 0 = 5*a - p - 581. List the prime factors of a.
2, 3, 11
Suppose v = -s + 7, -4*s - 3*v + v + 22 = 0. Suppose -2*j = -j + s. What are the prime factors of 1 - (j - 115/5)?
2, 7
Let n be ((-2154)/4)/(51/(-34)). Suppose 0 = -353*i + n*i - 5940. What are the prime factors of i?
2, 3, 5, 11
What are the prime factors of ((-5175)/(-46))/45*-17681*(-6)/5?
3, 17681
Let k = -53046 - -96144. List the prime factors of k.
2, 3, 11, 653
Suppose 5*m + 4 = -2*p, 2*m - 8 = 6*m + 4*p. Suppose -15*v + 1180 + 4835 = m. What are the prime factors of v?
401
Suppose -10*o = -5*o + 3*g - 4, 2 = -o - 2*g. Suppose o*a - 34 = 3*f + 5, -3 = f. List the prime factors of (2187/12 - -3) + a/20.
2, 3, 31
Let b(y) = -2*y - 42. Let x be b(-25). Suppose j = -x*j + 4743. What are the prime factors of j?
17, 31
Let a = 64 + -20. Suppose 0 = 42*d - 38*d + a. List the prime factors of d/((-275)/930) - 1/5.
37
Let r = 2833 - -709. What are the prime factors of r?
2, 7, 11, 23
Suppose -48*a - 60*a + 2563430 = 62*a. What are the prime factors of a?
17, 887
Let a(r) = r**2 - 15*r + 24. Let h be a(14). Suppose s + 4 = h. Suppose s*w + 47 - 209 = 0. List the prime factors of w.
3
Suppose -226 = 9*y - 2863. Let o = -211 + y. What are the prime factors of o?
2, 41
Suppose 6*c - 2*c = 72. Let l = c + -8. Suppose 0 = 4*b, t + 3*b = l + 16. What are the prime factors of t?
2, 13
Suppose -4*w + 2*w - 2*f = -12, -w - 5*f = -10. Let t(v) = v - 2. Let g be t(4). Suppose -3*u - 5*d + 2 = -g*u, 83 = 4*u - w*d. List the prime factors of u.
17
Let x be (75*(-6)/18)/((-1)/4). Suppose -4*h + 32 = -56. Suppose 0 = 2*n - 5*q - 24 - h, 0 = 5*n - 5*q - x. List the prime factors of n.
2, 3
Suppose 5*o + 4*n = 2*